{"id":552,"date":"2022-01-05T00:03:19","date_gmt":"2022-01-05T03:03:19","guid":{"rendered":"https:\/\/loja.minirig.com.br\/?post_type=product&#038;p=552"},"modified":"2022-09-15T08:21:31","modified_gmt":"2022-09-15T11:21:31","slug":"monitoramento-farm-de-criptomoedas","status":"publish","type":"product","link":"https:\/\/loja.minirig.com.br\/?product=monitoramento-farm-de-criptomoedas","title":{"rendered":"Monitoramento e Suporte Remoto- FARM de Criptomoedas"},"content":{"rendered":"<p>Monitoramos sua RIG ou FARM de Minera\u00e7\u00e3o de Criptomoedas, mantendo o hardware estabilizado com foco no funcionamento 24\/7.<\/p>\n","protected":false},"excerpt":{"rendered":"<header class=\"header btClear extrasmall\">\n<div class=\"dash\">\n<p>Monitoramos sua RIG ou FARM de Minera\u00e7\u00e3o de Criptomoedas, mantendo o hardware estabilizado com foco no funcionamento 24\/7.<\/p>\n<\/div>\n<p><strong><br \/>\nCONTE\u00daDOS DO MONITORAMENTO<\/strong><\/p>\n<p>1 -Monitorar logs do sistema operacional, para intervir no que for necess\u00e1rio a estabilidade da minera\u00e7\u00e3o.<\/p>\n<p>2 &#8211; Configura\u00e7\u00e3o de reports via Telegram.<\/p>\n<p>3 &#8211; Monitorar os hashrate produzidos na pool de minera\u00e7\u00e3o x rentabilidade.<\/p>\n<p>4 &#8211; Identificar os pagamentos realizados pela pool na exchenge de criptomoedas.<\/p>\n<p>5 &#8211; Execu\u00e7\u00f5es de rotinas b\u00e1sicas no sistema operacional (HiveOS, Windows, Minerstat), para manter a FARM est\u00e1vel e produtiva.<\/p>\n<p>6 &#8211; Orienta\u00e7\u00f5es em comandos no sistema operacional HIVEOS a fim de manter a FARM segura, com updates e corre\u00e7\u00f5es para todo o hardware.<\/p>\n<\/header>\n<p>&nbsp;<\/p>\n<p><strong>CONTE\u00daDOS DO SUPORTE REMOTO<\/strong><\/p>\n<p>1 &#8211; Atualiza\u00e7\u00f5es de firmware do sistema operacional HiveOS, visando seguran\u00e7a e performance na moeda escolhida pelo cliente.<\/p>\n<p>2 &#8211; Atualiza\u00e7\u00f5es de novos drivers do fabricante da GPU.<\/p>\n<p>3 &#8211; An\u00e1lise de performance em hashrate por RIG, equalizando as GPU.<\/p>\n<p>4 &#8211; Ajuste de overclock \u00e0 melhor performance e estabilidade por GPU.<\/p>\n<p>5 &#8211; Acompanhamento da temperatura do core de processador da GPU, deixando nas indica\u00e7\u00f5es ideais do fabricante.<\/p>\n<p>6 &#8211; An\u00e1lise da performance do algoritmo de minera\u00e7\u00e3o, efetuando poss\u00edvel ajuste de configura\u00e7\u00f5es extras ou troca por outro se necess\u00e1rio.<\/p>\n<p>7 &#8211; Execu\u00e7\u00f5es de Biosmod em GPU, caso recomendado pelo fabricante para ajuste de performance.<\/p>\n<p>8 &#8211; An\u00e1lise de comunica\u00e7\u00e3o da internet entre FARM x Pool.<\/p>\n<p>9 &#8211; Abertura de chamado na Pool para poss\u00edveis solu\u00e7\u00f5es de problemas.<\/p>\n<p>10 &#8211; Aux\u00edlio remoto a poss\u00edveis instru\u00e7\u00f5es que forem necess\u00e1rias para pequenos ajustes\/reparos \u201cin loco\u201d, executadas por t\u00e9cnico de inform\u00e1tica ou demais com conhecimentos espec\u00edficos em hardware.<\/p>\n<p>11 &#8211; Acompanhamento peri\u00f3dico da produ\u00e7\u00e3o da FARM em planilha do Excel.<\/p>\n<p>12 &#8211; Normaliza\u00e7\u00e3o da RIG remotamente em caso de instabilidade, com comandos espec\u00edficos ou utilizando tomadas inteligentes.<\/p>\n<p>13 &#8211; Acompanhamento das tomadas inteligentes via software cloud.<\/p>\n<p>14 &#8211; Aux\u00edlio no desenvolvimento de novos projetos para crescimento da FARM, com indicando hardwares.<\/p>\n<p>15 &#8211; Controle do estoque de hardware por planilha do Excel.<\/p>\n<p>16 &#8211; Acompanhamento com fornecedores em caso de poss\u00edvel abertura de chamados do tipo: solicita\u00e7\u00e3o de garantia de GPU, demais hardware que por ventura possuir.<\/p>\n<p>17 &#8211; Registro das atividades em sistema de Help Desk.<\/p>\n<h6>*Obs: Considerar valores mensais<\/h6>\n","protected":false},"featured_media":562,"comment_status":"open","ping_status":"closed","template":"","meta":[],"product_brand":[],"product_cat":[31],"product_tag":[24,25,26,32],"class_list":{"0":"post-552","1":"product","2":"type-product","3":"status-publish","4":"has-post-thumbnail","6":"product_cat-monitoramento","7":"product_tag-criptomoedas","8":"product_tag-mineracao-de-criptomoedas","9":"product_tag-mini-rig","10":"product_tag-monitorar-farm","12":"first","13":"instock","14":"purchasable","15":"product-type-variable","16":"has-default-attributes"},"yoast_head":"<!-- This site is optimized with the Yoast SEO plugin v27.5 - https:\/\/yoast.com\/product\/yoast-seo-wordpress\/ -->\n<title>Monitoramento e Suporte Remoto- FARM de Criptomoedas - Loja - Mini Rig<\/title>\n<meta name=\"robots\" content=\"index, follow, max-snippet:-1, max-image-preview:large, max-video-preview:-1\" \/>\n<link rel=\"canonical\" href=\"https:\/\/loja.minirig.com.br\/?product=monitoramento-farm-de-criptomoedas\" \/>\n<meta property=\"og:locale\" content=\"pt_BR\" \/>\n<meta property=\"og:type\" content=\"article\" \/>\n<meta property=\"og:title\" content=\"Monitoramento e Suporte Remoto- FARM de Criptomoedas - Loja - Mini Rig\" \/>\n<meta property=\"og:description\" content=\"Monitoramos sua RIG ou FARM de Minera\u00e7\u00e3o de Criptomoedas, mantendo o hardware estabilizado com foco no funcionamento 24\/7.    CONTE\u00daDOS DO MONITORAMENTO  1 -Monitorar logs do sistema operacional, para intervir no que for necess\u00e1rio a estabilidade da minera\u00e7\u00e3o.  2 - Configura\u00e7\u00e3o de reports via Telegram.  3 - Monitorar os hashrate produzidos na pool de minera\u00e7\u00e3o x rentabilidade.  4 - Identificar os pagamentos realizados pela pool na exchenge de criptomoedas.  5 - Execu\u00e7\u00f5es de rotinas b\u00e1sicas no sistema operacional (HiveOS, Windows, Minerstat), para manter a FARM est\u00e1vel e produtiva.  6 - Orienta\u00e7\u00f5es em comandos no sistema operacional HIVEOS a fim de manter a FARM segura, com updates e corre\u00e7\u00f5es para todo o hardware.  &nbsp;  CONTE\u00daDOS DO SUPORTE REMOTO  1 - Atualiza\u00e7\u00f5es de firmware do sistema operacional HiveOS, visando seguran\u00e7a e performance na moeda escolhida pelo cliente.  2 - Atualiza\u00e7\u00f5es de novos drivers do fabricante da GPU.  3 - An\u00e1lise de performance em hashrate por RIG, equalizando as GPU.  4 - Ajuste de overclock \u00e0 melhor performance e estabilidade por GPU.  5 - Acompanhamento da temperatura do core de processador da GPU, deixando nas indica\u00e7\u00f5es ideais do fabricante.  6 - An\u00e1lise da performance do algoritmo de minera\u00e7\u00e3o, efetuando poss\u00edvel ajuste de configura\u00e7\u00f5es extras ou troca por outro se necess\u00e1rio.  7 - Execu\u00e7\u00f5es de Biosmod em GPU, caso recomendado pelo fabricante para ajuste de performance.  8 - An\u00e1lise de comunica\u00e7\u00e3o da internet entre FARM x Pool.  9 - Abertura de chamado na Pool para poss\u00edveis solu\u00e7\u00f5es de problemas.  10 - Aux\u00edlio remoto a poss\u00edveis instru\u00e7\u00f5es que forem necess\u00e1rias para pequenos ajustes\/reparos \u201cin loco\u201d, executadas por t\u00e9cnico de inform\u00e1tica ou demais com conhecimentos espec\u00edficos em hardware.  11 - Acompanhamento peri\u00f3dico da produ\u00e7\u00e3o da FARM em planilha do Excel.  12 - Normaliza\u00e7\u00e3o da RIG remotamente em caso de instabilidade, com comandos espec\u00edficos ou utilizando tomadas inteligentes.  13 - Acompanhamento das tomadas inteligentes via software cloud.  14 - Aux\u00edlio no desenvolvimento de novos projetos para crescimento da FARM, com indicando hardwares.  15 - Controle do estoque de hardware por planilha do Excel.  16 - Acompanhamento com fornecedores em caso de poss\u00edvel abertura de chamados do tipo: solicita\u00e7\u00e3o de garantia de GPU, demais hardware que por ventura possuir.  17 - Registro das atividades em sistema de Help Desk. *Obs: Considerar valores mensais\" \/>\n<meta property=\"og:url\" content=\"https:\/\/loja.minirig.com.br\/?product=monitoramento-farm-de-criptomoedas\" \/>\n<meta property=\"og:site_name\" content=\"Loja - Mini Rig\" \/>\n<meta property=\"article:modified_time\" content=\"2022-09-15T11:21:31+00:00\" \/>\n<meta property=\"og:image\" content=\"https:\/\/loja.minirig.com.br\/wp-content\/uploads\/2022\/01\/monitoramento.png\" \/>\n\t<meta property=\"og:image:width\" content=\"450\" \/>\n\t<meta property=\"og:image:height\" content=\"317\" \/>\n\t<meta property=\"og:image:type\" content=\"image\/png\" \/>\n<meta name=\"twitter:card\" content=\"summary_large_image\" \/>\n<script type=\"application\/ld+json\" class=\"yoast-schema-graph\">{\"@context\":\"https:\\\/\\\/schema.org\",\"@graph\":[{\"@type\":\"WebPage\",\"@id\":\"https:\\\/\\\/loja.minirig.com.br\\\/?product=monitoramento-farm-de-criptomoedas\",\"url\":\"https:\\\/\\\/loja.minirig.com.br\\\/?product=monitoramento-farm-de-criptomoedas\",\"name\":\"Monitoramento e Suporte Remoto- FARM de Criptomoedas - Loja - Mini Rig\",\"isPartOf\":{\"@id\":\"https:\\\/\\\/loja.minirig.com.br\\\/#website\"},\"primaryImageOfPage\":{\"@id\":\"https:\\\/\\\/loja.minirig.com.br\\\/?product=monitoramento-farm-de-criptomoedas#primaryimage\"},\"image\":{\"@id\":\"https:\\\/\\\/loja.minirig.com.br\\\/?product=monitoramento-farm-de-criptomoedas#primaryimage\"},\"thumbnailUrl\":\"https:\\\/\\\/loja.minirig.com.br\\\/wp-content\\\/uploads\\\/2022\\\/01\\\/monitoramento.png\",\"datePublished\":\"2022-01-05T03:03:19+00:00\",\"dateModified\":\"2022-09-15T11:21:31+00:00\",\"breadcrumb\":{\"@id\":\"https:\\\/\\\/loja.minirig.com.br\\\/?product=monitoramento-farm-de-criptomoedas#breadcrumb\"},\"inLanguage\":\"pt-BR\",\"potentialAction\":[{\"@type\":\"ReadAction\",\"target\":[\"https:\\\/\\\/loja.minirig.com.br\\\/?product=monitoramento-farm-de-criptomoedas\"]}]},{\"@type\":\"ImageObject\",\"inLanguage\":\"pt-BR\",\"@id\":\"https:\\\/\\\/loja.minirig.com.br\\\/?product=monitoramento-farm-de-criptomoedas#primaryimage\",\"url\":\"https:\\\/\\\/loja.minirig.com.br\\\/wp-content\\\/uploads\\\/2022\\\/01\\\/monitoramento.png\",\"contentUrl\":\"https:\\\/\\\/loja.minirig.com.br\\\/wp-content\\\/uploads\\\/2022\\\/01\\\/monitoramento.png\",\"width\":450,\"height\":317},{\"@type\":\"BreadcrumbList\",\"@id\":\"https:\\\/\\\/loja.minirig.com.br\\\/?product=monitoramento-farm-de-criptomoedas#breadcrumb\",\"itemListElement\":[{\"@type\":\"ListItem\",\"position\":1,\"name\":\"In\u00edcio\",\"item\":\"https:\\\/\\\/loja.minirig.com.br\\\/\"},{\"@type\":\"ListItem\",\"position\":2,\"name\":\"Bem vindo ao mundo da Minera\u00e7\u00e3o de Criptomoedas !\",\"item\":\"https:\\\/\\\/loja.minirig.com.br\\\/?page_id=17\"},{\"@type\":\"ListItem\",\"position\":3,\"name\":\"Monitoramento e Suporte Remoto- FARM de Criptomoedas\"}]},{\"@type\":\"WebSite\",\"@id\":\"https:\\\/\\\/loja.minirig.com.br\\\/#website\",\"url\":\"https:\\\/\\\/loja.minirig.com.br\\\/\",\"name\":\"Loja - Mini Rig\",\"description\":\"Minera\u00e7\u00e3o de Criptomoedas\",\"publisher\":{\"@id\":\"https:\\\/\\\/loja.minirig.com.br\\\/#organization\"},\"potentialAction\":[{\"@type\":\"SearchAction\",\"target\":{\"@type\":\"EntryPoint\",\"urlTemplate\":\"https:\\\/\\\/loja.minirig.com.br\\\/?s={search_term_string}\"},\"query-input\":{\"@type\":\"PropertyValueSpecification\",\"valueRequired\":true,\"valueName\":\"search_term_string\"}}],\"inLanguage\":\"pt-BR\"},{\"@type\":\"Organization\",\"@id\":\"https:\\\/\\\/loja.minirig.com.br\\\/#organization\",\"name\":\"Loja - Mini Rig\",\"url\":\"https:\\\/\\\/loja.minirig.com.br\\\/\",\"logo\":{\"@type\":\"ImageObject\",\"inLanguage\":\"pt-BR\",\"@id\":\"https:\\\/\\\/loja.minirig.com.br\\\/#\\\/schema\\\/logo\\\/image\\\/\",\"url\":\"https:\\\/\\\/loja.minirig.com.br\\\/wp-content\\\/uploads\\\/2021\\\/12\\\/banner-principal-scaled.jpg\",\"contentUrl\":\"https:\\\/\\\/loja.minirig.com.br\\\/wp-content\\\/uploads\\\/2021\\\/12\\\/banner-principal-scaled.jpg\",\"width\":2560,\"height\":983,\"caption\":\"Loja - Mini Rig\"},\"image\":{\"@id\":\"https:\\\/\\\/loja.minirig.com.br\\\/#\\\/schema\\\/logo\\\/image\\\/\"},\"sameAs\":[\"https:\\\/\\\/www.instagram.com.br\\\/minirig_criptos\",\"https:\\\/\\\/www.youtube.com\\\/channel\\\/UCVaez8vzYEv672mjm2HOWCw\"]}]}<\/script>\n<!-- \/ Yoast SEO plugin. -->","yoast_head_json":{"title":"Monitoramento e Suporte Remoto- FARM de Criptomoedas - Loja - Mini Rig","robots":{"index":"index","follow":"follow","max-snippet":"max-snippet:-1","max-image-preview":"max-image-preview:large","max-video-preview":"max-video-preview:-1"},"canonical":"https:\/\/loja.minirig.com.br\/?product=monitoramento-farm-de-criptomoedas","og_locale":"pt_BR","og_type":"article","og_title":"Monitoramento e Suporte Remoto- FARM de Criptomoedas - Loja - Mini Rig","og_description":"Monitoramos sua RIG ou FARM de Minera\u00e7\u00e3o de Criptomoedas, mantendo o hardware estabilizado com foco no funcionamento 24\/7.    CONTE\u00daDOS DO MONITORAMENTO  1 -Monitorar logs do sistema operacional, para intervir no que for necess\u00e1rio a estabilidade da minera\u00e7\u00e3o.  2 - Configura\u00e7\u00e3o de reports via Telegram.  3 - Monitorar os hashrate produzidos na pool de minera\u00e7\u00e3o x rentabilidade.  4 - Identificar os pagamentos realizados pela pool na exchenge de criptomoedas.  5 - Execu\u00e7\u00f5es de rotinas b\u00e1sicas no sistema operacional (HiveOS, Windows, Minerstat), para manter a FARM est\u00e1vel e produtiva.  6 - Orienta\u00e7\u00f5es em comandos no sistema operacional HIVEOS a fim de manter a FARM segura, com updates e corre\u00e7\u00f5es para todo o hardware.  &nbsp;  CONTE\u00daDOS DO SUPORTE REMOTO  1 - Atualiza\u00e7\u00f5es de firmware do sistema operacional HiveOS, visando seguran\u00e7a e performance na moeda escolhida pelo cliente.  2 - Atualiza\u00e7\u00f5es de novos drivers do fabricante da GPU.  3 - An\u00e1lise de performance em hashrate por RIG, equalizando as GPU.  4 - Ajuste de overclock \u00e0 melhor performance e estabilidade por GPU.  5 - Acompanhamento da temperatura do core de processador da GPU, deixando nas indica\u00e7\u00f5es ideais do fabricante.  6 - An\u00e1lise da performance do algoritmo de minera\u00e7\u00e3o, efetuando poss\u00edvel ajuste de configura\u00e7\u00f5es extras ou troca por outro se necess\u00e1rio.  7 - Execu\u00e7\u00f5es de Biosmod em GPU, caso recomendado pelo fabricante para ajuste de performance.  8 - An\u00e1lise de comunica\u00e7\u00e3o da internet entre FARM x Pool.  9 - Abertura de chamado na Pool para poss\u00edveis solu\u00e7\u00f5es de problemas.  10 - Aux\u00edlio remoto a poss\u00edveis instru\u00e7\u00f5es que forem necess\u00e1rias para pequenos ajustes\/reparos \u201cin loco\u201d, executadas por t\u00e9cnico de inform\u00e1tica ou demais com conhecimentos espec\u00edficos em hardware.  11 - Acompanhamento peri\u00f3dico da produ\u00e7\u00e3o da FARM em planilha do Excel.  12 - Normaliza\u00e7\u00e3o da RIG remotamente em caso de instabilidade, com comandos espec\u00edficos ou utilizando tomadas inteligentes.  13 - Acompanhamento das tomadas inteligentes via software cloud.  14 - Aux\u00edlio no desenvolvimento de novos projetos para crescimento da FARM, com indicando hardwares.  15 - Controle do estoque de hardware por planilha do Excel.  16 - Acompanhamento com fornecedores em caso de poss\u00edvel abertura de chamados do tipo: solicita\u00e7\u00e3o de garantia de GPU, demais hardware que por ventura possuir.  17 - Registro das atividades em sistema de Help Desk. *Obs: Considerar valores mensais","og_url":"https:\/\/loja.minirig.com.br\/?product=monitoramento-farm-de-criptomoedas","og_site_name":"Loja - Mini Rig","article_modified_time":"2022-09-15T11:21:31+00:00","og_image":[{"width":450,"height":317,"url":"https:\/\/loja.minirig.com.br\/wp-content\/uploads\/2022\/01\/monitoramento.png","type":"image\/png"}],"twitter_card":"summary_large_image","schema":{"@context":"https:\/\/schema.org","@graph":[{"@type":"WebPage","@id":"https:\/\/loja.minirig.com.br\/?product=monitoramento-farm-de-criptomoedas","url":"https:\/\/loja.minirig.com.br\/?product=monitoramento-farm-de-criptomoedas","name":"Monitoramento e Suporte Remoto- FARM de Criptomoedas - Loja - Mini Rig","isPartOf":{"@id":"https:\/\/loja.minirig.com.br\/#website"},"primaryImageOfPage":{"@id":"https:\/\/loja.minirig.com.br\/?product=monitoramento-farm-de-criptomoedas#primaryimage"},"image":{"@id":"https:\/\/loja.minirig.com.br\/?product=monitoramento-farm-de-criptomoedas#primaryimage"},"thumbnailUrl":"https:\/\/loja.minirig.com.br\/wp-content\/uploads\/2022\/01\/monitoramento.png","datePublished":"2022-01-05T03:03:19+00:00","dateModified":"2022-09-15T11:21:31+00:00","breadcrumb":{"@id":"https:\/\/loja.minirig.com.br\/?product=monitoramento-farm-de-criptomoedas#breadcrumb"},"inLanguage":"pt-BR","potentialAction":[{"@type":"ReadAction","target":["https:\/\/loja.minirig.com.br\/?product=monitoramento-farm-de-criptomoedas"]}]},{"@type":"ImageObject","inLanguage":"pt-BR","@id":"https:\/\/loja.minirig.com.br\/?product=monitoramento-farm-de-criptomoedas#primaryimage","url":"https:\/\/loja.minirig.com.br\/wp-content\/uploads\/2022\/01\/monitoramento.png","contentUrl":"https:\/\/loja.minirig.com.br\/wp-content\/uploads\/2022\/01\/monitoramento.png","width":450,"height":317},{"@type":"BreadcrumbList","@id":"https:\/\/loja.minirig.com.br\/?product=monitoramento-farm-de-criptomoedas#breadcrumb","itemListElement":[{"@type":"ListItem","position":1,"name":"In\u00edcio","item":"https:\/\/loja.minirig.com.br\/"},{"@type":"ListItem","position":2,"name":"Bem vindo ao mundo da Minera\u00e7\u00e3o de Criptomoedas !","item":"https:\/\/loja.minirig.com.br\/?page_id=17"},{"@type":"ListItem","position":3,"name":"Monitoramento e Suporte Remoto- FARM de Criptomoedas"}]},{"@type":"WebSite","@id":"https:\/\/loja.minirig.com.br\/#website","url":"https:\/\/loja.minirig.com.br\/","name":"Loja - Mini Rig","description":"Minera\u00e7\u00e3o de Criptomoedas","publisher":{"@id":"https:\/\/loja.minirig.com.br\/#organization"},"potentialAction":[{"@type":"SearchAction","target":{"@type":"EntryPoint","urlTemplate":"https:\/\/loja.minirig.com.br\/?s={search_term_string}"},"query-input":{"@type":"PropertyValueSpecification","valueRequired":true,"valueName":"search_term_string"}}],"inLanguage":"pt-BR"},{"@type":"Organization","@id":"https:\/\/loja.minirig.com.br\/#organization","name":"Loja - Mini Rig","url":"https:\/\/loja.minirig.com.br\/","logo":{"@type":"ImageObject","inLanguage":"pt-BR","@id":"https:\/\/loja.minirig.com.br\/#\/schema\/logo\/image\/","url":"https:\/\/loja.minirig.com.br\/wp-content\/uploads\/2021\/12\/banner-principal-scaled.jpg","contentUrl":"https:\/\/loja.minirig.com.br\/wp-content\/uploads\/2021\/12\/banner-principal-scaled.jpg","width":2560,"height":983,"caption":"Loja - Mini Rig"},"image":{"@id":"https:\/\/loja.minirig.com.br\/#\/schema\/logo\/image\/"},"sameAs":["https:\/\/www.instagram.com.br\/minirig_criptos","https:\/\/www.youtube.com\/channel\/UCVaez8vzYEv672mjm2HOWCw"]}]}},"jetpack_sharing_enabled":true,"_links":{"self":[{"href":"https:\/\/loja.minirig.com.br\/index.php?rest_route=\/wp\/v2\/product\/552","targetHints":{"allow":["GET"]}}],"collection":[{"href":"https:\/\/loja.minirig.com.br\/index.php?rest_route=\/wp\/v2\/product"}],"about":[{"href":"https:\/\/loja.minirig.com.br\/index.php?rest_route=\/wp\/v2\/types\/product"}],"replies":[{"embeddable":true,"href":"https:\/\/loja.minirig.com.br\/index.php?rest_route=%2Fwp%2Fv2%2Fcomments&post=552"}],"wp:featuredmedia":[{"embeddable":true,"href":"https:\/\/loja.minirig.com.br\/index.php?rest_route=\/wp\/v2\/media\/562"}],"wp:attachment":[{"href":"https:\/\/loja.minirig.com.br\/index.php?rest_route=%2Fwp%2Fv2%2Fmedia&parent=552"}],"wp:term":[{"taxonomy":"product_brand","embeddable":true,"href":"https:\/\/loja.minirig.com.br\/index.php?rest_route=%2Fwp%2Fv2%2Fproduct_brand&post=552"},{"taxonomy":"product_cat","embeddable":true,"href":"https:\/\/loja.minirig.com.br\/index.php?rest_route=%2Fwp%2Fv2%2Fproduct_cat&post=552"},{"taxonomy":"product_tag","embeddable":true,"href":"https:\/\/loja.minirig.com.br\/index.php?rest_route=%2Fwp%2Fv2%2Fproduct_tag&post=552"}],"curies":[{"name":"wp","href":"https:\/\/api.w.org\/{rel}","templated":true}]}}