{"id":588,"date":"2022-01-14T13:45:31","date_gmt":"2022-01-14T16:45:31","guid":{"rendered":"https:\/\/loja.minirig.com.br\/?post_type=product&#038;p=588"},"modified":"2022-05-24T16:52:42","modified_gmt":"2022-05-24T19:52:42","slug":"desenvolvimento-de-projeto-farm-mineracao-de-criptomoedas","status":"publish","type":"product","link":"https:\/\/loja.minirig.com.br\/?product=desenvolvimento-de-projeto-farm-mineracao-de-criptomoedas","title":{"rendered":"Desenvolvimento de Projeto &#8211; Farm Minera\u00e7\u00e3o de Criptomoedas"},"content":{"rendered":"","protected":false},"excerpt":{"rendered":"<p>Orientamos a realizar as adequa\u00e7\u00f5es necess\u00e1rias a fim de implantar com seguran\u00e7a em um c\u00f4modo residencial\/empresarial, uma Farm de Minera\u00e7\u00e3o de Criptomoedas.<\/p>\n<p>&nbsp;<\/p>\n<p>Temas abordados:<\/p>\n<ul>\n<li>C\u00e1lculo de consumo energ\u00e9tico em kw\/dia, para que um eletricista fa\u00e7a todas as adequa\u00e7\u00f5es el\u00e9tricas necess\u00e1rias;<\/li>\n<li>Indica\u00e7\u00f5es de mobili\u00e1rio para inserir o frame das RIG;<\/li>\n<li>Orienta\u00e7\u00f5es quanto a parte de rede\/internet, para que um eletricista fa\u00e7a todas as adequa\u00e7\u00f5es necess\u00e1rias;<\/li>\n<li>An\u00e1lise do ambiente da FARM, a fim de sugerir equipamentos para climatiza\u00e7\u00e3o com ar condicionado e exaust\u00e3o do ar quente produzido pelo hardware;<\/li>\n<li>Indica\u00e7\u00f5es de equipamentos para possivelmente automatizar o monitoramento de: temperatura do ambiente, ajuste de temperatura do ar condicionado, acompanhamento da FARM por c\u00e2mera;<\/li>\n<\/ul>\n<p>&nbsp;<\/p>\n<p>As orienta\u00e7\u00f5es da Mini Rig, far\u00e1 com que a Farm de Criptomoedas seja adequada para manter todos os hardwares e equipamentos do cliente em plena produ\u00e7\u00e3o, visando continuidade dos neg\u00f3cios e seguran\u00e7a.<\/p>\n","protected":false},"featured_media":589,"comment_status":"open","ping_status":"closed","template":"","meta":[],"product_brand":[],"product_cat":[21],"product_tag":[],"class_list":{"0":"post-588","1":"product","2":"type-product","3":"status-publish","4":"has-post-thumbnail","6":"product_cat-mentoria","8":"first","9":"instock","10":"taxable","11":"shipping-taxable","12":"purchasable","13":"product-type-variable","14":"has-default-attributes"},"yoast_head":"<!-- This site is optimized with the Yoast SEO plugin v27.5 - https:\/\/yoast.com\/product\/yoast-seo-wordpress\/ -->\n<title>Desenvolvimento de Projeto - Farm Minera\u00e7\u00e3o de Criptomoedas - Loja - Mini Rig<\/title>\n<meta name=\"robots\" content=\"index, follow, max-snippet:-1, max-image-preview:large, max-video-preview:-1\" \/>\n<link rel=\"canonical\" href=\"https:\/\/loja.minirig.com.br\/?product=desenvolvimento-de-projeto-farm-mineracao-de-criptomoedas\" \/>\n<meta property=\"og:locale\" content=\"pt_BR\" \/>\n<meta property=\"og:type\" content=\"article\" \/>\n<meta property=\"og:title\" content=\"Desenvolvimento de Projeto - Farm Minera\u00e7\u00e3o de Criptomoedas - Loja - Mini Rig\" \/>\n<meta property=\"og:description\" content=\"Orientamos a realizar as adequa\u00e7\u00f5es necess\u00e1rias a fim de implantar com seguran\u00e7a em um c\u00f4modo residencial\/empresarial, uma Farm de Minera\u00e7\u00e3o de Criptomoedas.  &nbsp;  Temas abordados:   C\u00e1lculo de consumo energ\u00e9tico em kw\/dia, para que um eletricista fa\u00e7a todas as adequa\u00e7\u00f5es el\u00e9tricas necess\u00e1rias;  Indica\u00e7\u00f5es de mobili\u00e1rio para inserir o frame das RIG;  Orienta\u00e7\u00f5es quanto a parte de rede\/internet, para que um eletricista fa\u00e7a todas as adequa\u00e7\u00f5es necess\u00e1rias;  An\u00e1lise do ambiente da FARM, a fim de sugerir equipamentos para climatiza\u00e7\u00e3o com ar condicionado e exaust\u00e3o do ar quente produzido pelo hardware;  Indica\u00e7\u00f5es de equipamentos para possivelmente automatizar o monitoramento de: temperatura do ambiente, ajuste de temperatura do ar condicionado, acompanhamento da FARM por c\u00e2mera;  &nbsp;  As orienta\u00e7\u00f5es da Mini Rig, far\u00e1 com que a Farm de Criptomoedas seja adequada para manter todos os hardwares e equipamentos do cliente em plena produ\u00e7\u00e3o, visando continuidade dos neg\u00f3cios e seguran\u00e7a.\" \/>\n<meta property=\"og:url\" content=\"https:\/\/loja.minirig.com.br\/?product=desenvolvimento-de-projeto-farm-mineracao-de-criptomoedas\" \/>\n<meta property=\"og:site_name\" content=\"Loja - Mini Rig\" \/>\n<meta property=\"article:modified_time\" content=\"2022-05-24T19:52:42+00:00\" \/>\n<meta property=\"og:image\" content=\"https:\/\/loja.minirig.com.br\/wp-content\/uploads\/2022\/01\/desenvolvimento-de-projetos.jpg\" \/>\n\t<meta property=\"og:image:width\" content=\"450\" \/>\n\t<meta property=\"og:image:height\" content=\"317\" \/>\n\t<meta property=\"og:image:type\" content=\"image\/jpeg\" \/>\n<meta name=\"twitter:card\" content=\"summary_large_image\" \/>\n<script type=\"application\/ld+json\" class=\"yoast-schema-graph\">{\"@context\":\"https:\\\/\\\/schema.org\",\"@graph\":[{\"@type\":\"WebPage\",\"@id\":\"https:\\\/\\\/loja.minirig.com.br\\\/?product=desenvolvimento-de-projeto-farm-mineracao-de-criptomoedas\",\"url\":\"https:\\\/\\\/loja.minirig.com.br\\\/?product=desenvolvimento-de-projeto-farm-mineracao-de-criptomoedas\",\"name\":\"Desenvolvimento de Projeto - Farm Minera\u00e7\u00e3o de Criptomoedas - Loja - Mini Rig\",\"isPartOf\":{\"@id\":\"https:\\\/\\\/loja.minirig.com.br\\\/#website\"},\"primaryImageOfPage\":{\"@id\":\"https:\\\/\\\/loja.minirig.com.br\\\/?product=desenvolvimento-de-projeto-farm-mineracao-de-criptomoedas#primaryimage\"},\"image\":{\"@id\":\"https:\\\/\\\/loja.minirig.com.br\\\/?product=desenvolvimento-de-projeto-farm-mineracao-de-criptomoedas#primaryimage\"},\"thumbnailUrl\":\"https:\\\/\\\/loja.minirig.com.br\\\/wp-content\\\/uploads\\\/2022\\\/01\\\/desenvolvimento-de-projetos.jpg\",\"datePublished\":\"2022-01-14T16:45:31+00:00\",\"dateModified\":\"2022-05-24T19:52:42+00:00\",\"breadcrumb\":{\"@id\":\"https:\\\/\\\/loja.minirig.com.br\\\/?product=desenvolvimento-de-projeto-farm-mineracao-de-criptomoedas#breadcrumb\"},\"inLanguage\":\"pt-BR\",\"potentialAction\":[{\"@type\":\"ReadAction\",\"target\":[\"https:\\\/\\\/loja.minirig.com.br\\\/?product=desenvolvimento-de-projeto-farm-mineracao-de-criptomoedas\"]}]},{\"@type\":\"ImageObject\",\"inLanguage\":\"pt-BR\",\"@id\":\"https:\\\/\\\/loja.minirig.com.br\\\/?product=desenvolvimento-de-projeto-farm-mineracao-de-criptomoedas#primaryimage\",\"url\":\"https:\\\/\\\/loja.minirig.com.br\\\/wp-content\\\/uploads\\\/2022\\\/01\\\/desenvolvimento-de-projetos.jpg\",\"contentUrl\":\"https:\\\/\\\/loja.minirig.com.br\\\/wp-content\\\/uploads\\\/2022\\\/01\\\/desenvolvimento-de-projetos.jpg\",\"width\":450,\"height\":317},{\"@type\":\"BreadcrumbList\",\"@id\":\"https:\\\/\\\/loja.minirig.com.br\\\/?product=desenvolvimento-de-projeto-farm-mineracao-de-criptomoedas#breadcrumb\",\"itemListElement\":[{\"@type\":\"ListItem\",\"position\":1,\"name\":\"In\u00edcio\",\"item\":\"https:\\\/\\\/loja.minirig.com.br\\\/\"},{\"@type\":\"ListItem\",\"position\":2,\"name\":\"Bem vindo ao mundo da Minera\u00e7\u00e3o de Criptomoedas !\",\"item\":\"https:\\\/\\\/loja.minirig.com.br\\\/?page_id=17\"},{\"@type\":\"ListItem\",\"position\":3,\"name\":\"Desenvolvimento de Projeto &#8211; Farm Minera\u00e7\u00e3o de Criptomoedas\"}]},{\"@type\":\"WebSite\",\"@id\":\"https:\\\/\\\/loja.minirig.com.br\\\/#website\",\"url\":\"https:\\\/\\\/loja.minirig.com.br\\\/\",\"name\":\"Loja - Mini Rig\",\"description\":\"Minera\u00e7\u00e3o de Criptomoedas\",\"publisher\":{\"@id\":\"https:\\\/\\\/loja.minirig.com.br\\\/#organization\"},\"potentialAction\":[{\"@type\":\"SearchAction\",\"target\":{\"@type\":\"EntryPoint\",\"urlTemplate\":\"https:\\\/\\\/loja.minirig.com.br\\\/?s={search_term_string}\"},\"query-input\":{\"@type\":\"PropertyValueSpecification\",\"valueRequired\":true,\"valueName\":\"search_term_string\"}}],\"inLanguage\":\"pt-BR\"},{\"@type\":\"Organization\",\"@id\":\"https:\\\/\\\/loja.minirig.com.br\\\/#organization\",\"name\":\"Loja - Mini Rig\",\"url\":\"https:\\\/\\\/loja.minirig.com.br\\\/\",\"logo\":{\"@type\":\"ImageObject\",\"inLanguage\":\"pt-BR\",\"@id\":\"https:\\\/\\\/loja.minirig.com.br\\\/#\\\/schema\\\/logo\\\/image\\\/\",\"url\":\"https:\\\/\\\/loja.minirig.com.br\\\/wp-content\\\/uploads\\\/2021\\\/12\\\/banner-principal-scaled.jpg\",\"contentUrl\":\"https:\\\/\\\/loja.minirig.com.br\\\/wp-content\\\/uploads\\\/2021\\\/12\\\/banner-principal-scaled.jpg\",\"width\":2560,\"height\":983,\"caption\":\"Loja - Mini Rig\"},\"image\":{\"@id\":\"https:\\\/\\\/loja.minirig.com.br\\\/#\\\/schema\\\/logo\\\/image\\\/\"},\"sameAs\":[\"https:\\\/\\\/www.instagram.com.br\\\/minirig_criptos\",\"https:\\\/\\\/www.youtube.com\\\/channel\\\/UCVaez8vzYEv672mjm2HOWCw\"]}]}<\/script>\n<!-- \/ Yoast SEO plugin. -->","yoast_head_json":{"title":"Desenvolvimento de Projeto - Farm Minera\u00e7\u00e3o de Criptomoedas - Loja - Mini Rig","robots":{"index":"index","follow":"follow","max-snippet":"max-snippet:-1","max-image-preview":"max-image-preview:large","max-video-preview":"max-video-preview:-1"},"canonical":"https:\/\/loja.minirig.com.br\/?product=desenvolvimento-de-projeto-farm-mineracao-de-criptomoedas","og_locale":"pt_BR","og_type":"article","og_title":"Desenvolvimento de Projeto - Farm Minera\u00e7\u00e3o de Criptomoedas - Loja - Mini Rig","og_description":"Orientamos a realizar as adequa\u00e7\u00f5es necess\u00e1rias a fim de implantar com seguran\u00e7a em um c\u00f4modo residencial\/empresarial, uma Farm de Minera\u00e7\u00e3o de Criptomoedas.  &nbsp;  Temas abordados:   C\u00e1lculo de consumo energ\u00e9tico em kw\/dia, para que um eletricista fa\u00e7a todas as adequa\u00e7\u00f5es el\u00e9tricas necess\u00e1rias;  Indica\u00e7\u00f5es de mobili\u00e1rio para inserir o frame das RIG;  Orienta\u00e7\u00f5es quanto a parte de rede\/internet, para que um eletricista fa\u00e7a todas as adequa\u00e7\u00f5es necess\u00e1rias;  An\u00e1lise do ambiente da FARM, a fim de sugerir equipamentos para climatiza\u00e7\u00e3o com ar condicionado e exaust\u00e3o do ar quente produzido pelo hardware;  Indica\u00e7\u00f5es de equipamentos para possivelmente automatizar o monitoramento de: temperatura do ambiente, ajuste de temperatura do ar condicionado, acompanhamento da FARM por c\u00e2mera;  &nbsp;  As orienta\u00e7\u00f5es da Mini Rig, far\u00e1 com que a Farm de Criptomoedas seja adequada para manter todos os hardwares e equipamentos do cliente em plena produ\u00e7\u00e3o, visando continuidade dos neg\u00f3cios e seguran\u00e7a.","og_url":"https:\/\/loja.minirig.com.br\/?product=desenvolvimento-de-projeto-farm-mineracao-de-criptomoedas","og_site_name":"Loja - Mini Rig","article_modified_time":"2022-05-24T19:52:42+00:00","og_image":[{"width":450,"height":317,"url":"https:\/\/loja.minirig.com.br\/wp-content\/uploads\/2022\/01\/desenvolvimento-de-projetos.jpg","type":"image\/jpeg"}],"twitter_card":"summary_large_image","schema":{"@context":"https:\/\/schema.org","@graph":[{"@type":"WebPage","@id":"https:\/\/loja.minirig.com.br\/?product=desenvolvimento-de-projeto-farm-mineracao-de-criptomoedas","url":"https:\/\/loja.minirig.com.br\/?product=desenvolvimento-de-projeto-farm-mineracao-de-criptomoedas","name":"Desenvolvimento de Projeto - Farm Minera\u00e7\u00e3o de Criptomoedas - Loja - Mini Rig","isPartOf":{"@id":"https:\/\/loja.minirig.com.br\/#website"},"primaryImageOfPage":{"@id":"https:\/\/loja.minirig.com.br\/?product=desenvolvimento-de-projeto-farm-mineracao-de-criptomoedas#primaryimage"},"image":{"@id":"https:\/\/loja.minirig.com.br\/?product=desenvolvimento-de-projeto-farm-mineracao-de-criptomoedas#primaryimage"},"thumbnailUrl":"https:\/\/loja.minirig.com.br\/wp-content\/uploads\/2022\/01\/desenvolvimento-de-projetos.jpg","datePublished":"2022-01-14T16:45:31+00:00","dateModified":"2022-05-24T19:52:42+00:00","breadcrumb":{"@id":"https:\/\/loja.minirig.com.br\/?product=desenvolvimento-de-projeto-farm-mineracao-de-criptomoedas#breadcrumb"},"inLanguage":"pt-BR","potentialAction":[{"@type":"ReadAction","target":["https:\/\/loja.minirig.com.br\/?product=desenvolvimento-de-projeto-farm-mineracao-de-criptomoedas"]}]},{"@type":"ImageObject","inLanguage":"pt-BR","@id":"https:\/\/loja.minirig.com.br\/?product=desenvolvimento-de-projeto-farm-mineracao-de-criptomoedas#primaryimage","url":"https:\/\/loja.minirig.com.br\/wp-content\/uploads\/2022\/01\/desenvolvimento-de-projetos.jpg","contentUrl":"https:\/\/loja.minirig.com.br\/wp-content\/uploads\/2022\/01\/desenvolvimento-de-projetos.jpg","width":450,"height":317},{"@type":"BreadcrumbList","@id":"https:\/\/loja.minirig.com.br\/?product=desenvolvimento-de-projeto-farm-mineracao-de-criptomoedas#breadcrumb","itemListElement":[{"@type":"ListItem","position":1,"name":"In\u00edcio","item":"https:\/\/loja.minirig.com.br\/"},{"@type":"ListItem","position":2,"name":"Bem vindo ao mundo da Minera\u00e7\u00e3o de Criptomoedas !","item":"https:\/\/loja.minirig.com.br\/?page_id=17"},{"@type":"ListItem","position":3,"name":"Desenvolvimento de Projeto &#8211; Farm Minera\u00e7\u00e3o de Criptomoedas"}]},{"@type":"WebSite","@id":"https:\/\/loja.minirig.com.br\/#website","url":"https:\/\/loja.minirig.com.br\/","name":"Loja - Mini Rig","description":"Minera\u00e7\u00e3o de Criptomoedas","publisher":{"@id":"https:\/\/loja.minirig.com.br\/#organization"},"potentialAction":[{"@type":"SearchAction","target":{"@type":"EntryPoint","urlTemplate":"https:\/\/loja.minirig.com.br\/?s={search_term_string}"},"query-input":{"@type":"PropertyValueSpecification","valueRequired":true,"valueName":"search_term_string"}}],"inLanguage":"pt-BR"},{"@type":"Organization","@id":"https:\/\/loja.minirig.com.br\/#organization","name":"Loja - Mini Rig","url":"https:\/\/loja.minirig.com.br\/","logo":{"@type":"ImageObject","inLanguage":"pt-BR","@id":"https:\/\/loja.minirig.com.br\/#\/schema\/logo\/image\/","url":"https:\/\/loja.minirig.com.br\/wp-content\/uploads\/2021\/12\/banner-principal-scaled.jpg","contentUrl":"https:\/\/loja.minirig.com.br\/wp-content\/uploads\/2021\/12\/banner-principal-scaled.jpg","width":2560,"height":983,"caption":"Loja - Mini Rig"},"image":{"@id":"https:\/\/loja.minirig.com.br\/#\/schema\/logo\/image\/"},"sameAs":["https:\/\/www.instagram.com.br\/minirig_criptos","https:\/\/www.youtube.com\/channel\/UCVaez8vzYEv672mjm2HOWCw"]}]}},"jetpack_sharing_enabled":true,"_links":{"self":[{"href":"https:\/\/loja.minirig.com.br\/index.php?rest_route=\/wp\/v2\/product\/588","targetHints":{"allow":["GET"]}}],"collection":[{"href":"https:\/\/loja.minirig.com.br\/index.php?rest_route=\/wp\/v2\/product"}],"about":[{"href":"https:\/\/loja.minirig.com.br\/index.php?rest_route=\/wp\/v2\/types\/product"}],"replies":[{"embeddable":true,"href":"https:\/\/loja.minirig.com.br\/index.php?rest_route=%2Fwp%2Fv2%2Fcomments&post=588"}],"wp:featuredmedia":[{"embeddable":true,"href":"https:\/\/loja.minirig.com.br\/index.php?rest_route=\/wp\/v2\/media\/589"}],"wp:attachment":[{"href":"https:\/\/loja.minirig.com.br\/index.php?rest_route=%2Fwp%2Fv2%2Fmedia&parent=588"}],"wp:term":[{"taxonomy":"product_brand","embeddable":true,"href":"https:\/\/loja.minirig.com.br\/index.php?rest_route=%2Fwp%2Fv2%2Fproduct_brand&post=588"},{"taxonomy":"product_cat","embeddable":true,"href":"https:\/\/loja.minirig.com.br\/index.php?rest_route=%2Fwp%2Fv2%2Fproduct_cat&post=588"},{"taxonomy":"product_tag","embeddable":true,"href":"https:\/\/loja.minirig.com.br\/index.php?rest_route=%2Fwp%2Fv2%2Fproduct_tag&post=588"}],"curies":[{"name":"wp","href":"https:\/\/api.w.org\/{rel}","templated":true}]}}